 4403837 a composite number?
False
Is 993589 composite?
False
Is 114293 a prime number?
False
Is 31361401 prime?
True
Is 1594213 composite?
True
Is 1286489 prime?
True
Is 48921227 composite?
False
Is 18233671 prime?
True
Is 513239 prime?
True
Is 6649355 composite?
True
Is 116348389 composite?
True
Is 2813063 composite?
True
Is 390391007 composite?
True
Is 96103 composite?
True
Is 241403 a composite number?
True
Is 125977 a composite number?
True
Is 6100213 prime?
False
Is 1269461 a composite number?
False
Is 609164733 a composite number?
True
Is 3066901 a prime number?
True
Is 4228531 a prime number?
True
Is 1798351 composite?
False
Is 4655009 prime?
True
Is 2551655 prime?
False
Is 1481509 a prime number?
False
Is 7981379 a composite number?
True
Is 95370959 a prime number?
True
Is 172847911 a prime number?
False
Is 2818789 composite?
False
Is 20268791 a prime number?
True
Is 96137 composite?
False
Is 15512087 prime?
False
Is 138474347 prime?
False
Is 99632263 prime?
True
Is 44503393 a prime number?
False
Is 1202927 a prime number?
False
Is 57866129 prime?
False
Is 163895041 a composite number?
False
Is 131882719 composite?
True
Is 14218229 composite?
False
Is 14841501 prime?
False
Is 134984617 composite?
True
Is 14751787 prime?
True
Is 394375337 a prime number?
True
Is 266801 a prime number?
True
Is 23785789 a composite number?
False
Is 4447841 a composite number?
False
Is 14665351 composite?
False
Is 3122443 a prime number?
False
Is 225040241 composite?
True
Is 80020531 composite?
False
Is 5359213 a prime number?
False
Is 692053 composite?
True
Is 17697793 a composite number?
True
Is 144828503 a prime number?
False
Is 1175429 composite?
True
Is 7060279 composite?
False
Is 463157 a composite number?
False
Is 76415191 a composite number?
False
Is 1232303 a prime number?
False
Is 14439207 a composite number?
True
Is 110051 a prime number?
True
Is 34344949 a composite number?
True
Is 2178071 composite?
True
Is 2324549 a prime number?
False
Is 3598531 prime?
False
Is 2324171 prime?
True
Is 213684299 a prime number?
True
Is 3969799 composite?
True
Is 104087 prime?
True
Is 6327427 a composite number?
True
Is 1940269 composite?
False
Is 919197553 composite?
True
Is 1083283 a composite number?
False
Is 16695383 composite?
True
Is 163654639 composite?
True
Is 99557 composite?
True
Is 53034641 a composite number?
True
Is 6762673 a composite number?
False
Is 215997233 a prime number?
True
Is 17378261 prime?
True
Is 440024281 prime?
True
Is 5594621 composite?
False
Is 423710551 composite?
True
Is 276066565 prime?
False
Is 26063 prime?
False
Is 45513943 composite?
False
Is 19031 prime?
True
Is 24543569 prime?
True
Is 12155961 a prime number?
False
Is 518827 a prime number?
False
Is 597369037 prime?
True
Is 158558177 prime?
True
Is 16857899 a prime number?
False
Is 39042301 a composite number?
False
Is 80718883 prime?
False
Is 66623923 a composite number?
False
Is 4568857 prime?
False
Is 4245499 prime?
True
Is 76869521 composite?
True
Is 111403199 composite?
False
Is 6587111 a composite number?
False
Is 25101521 a prime number?
False
Is 116744767 composite?
False
Is 714907807 composite?
False
Is 10203243 composite?
True
Is 29210257 composite?
False
Is 70557523 composite?
True
Is 6282031 a composite number?
True
Is 107241923 composite?
False
Is 201319 composite?
True
Is 2306753 a prime number?
True
Is 342529111 a composite number?
False
Is 22688507 composite?
False
Is 1844267 a prime number?
False
Is 341743 composite?
False
Is 6782509 composite?
False
Is 3037211 composite?
True
Is 2820407 a prime number?
True
Is 1426583 composite?
False
Is 2114989 a composite number?
True
Is 14820781 composite?
False
Is 34038533 a prime number?
True
Is 27366487 composite?
True
Is 3796451 a composite number?
False
Is 1066711487 a prime number?
True
Is 24537187 a prime number?
False
Is 98772881 a composite number?
False
Is 6933301 prime?
False
Is 463501 a composite number?
False
Is 2054171 prime?
False
Is 61828141 composite?
False
Is 24462377 composite?
False
Is 64271399 prime?
False
Is 18362847 prime?
False
Is 454209751 prime?
True
Is 246013753 prime?
True
Is 4011419 a composite number?
True
Is 34479955 a composite number?
True
Is 41994919 composite?
True
Is 3481463 prime?
True
Is 20120831 prime?
False
Is 6720059 a prime number?
True
Is 231246151 a composite number?
False
Is 65643731 a composite number?
True
Is 4461419 prime?
True
Is 719857 a prime number?
False
Is 6160337 prime?
False
Is 64624877 a composite number?
False
Is 3212381 composite?
False
Is 1370267 composite?
True
Is 162006233 composite?
True
Is 9971194 composite?
True
Is 234105787 prime?
True
Is 61729177 a composite number?
True
Is 910243 composite?
True
Is 299005561 prime?
True
Is 2726309 prime?
False
Is 19561459 a prime number?
True
Is 1766797 a prime number?
False
Is 13060869 composite?
True
Is 807293 composite?
True
Is 7967681 a prime number?
True
Is 5524469 a prime number?
True
Is 4870109 a composite number?
True
Is 180604429 a prime number?
False
Is 64820859 prime?
False
Is 59749273 prime?
True
Is 1924343 a prime number?
True
Is 39419059 prime?
True
Is 12993677 a prime number?
True
Is 2250593 a composite number?
True
Is 204066503 composite?
False
Is 528536227 composite?
True
Is 457799 prime?
True
Is 27234481 a prime number?
False
Is 2240002 a prime number?
False
Is 5389807 a composite number?
False
Is 16351421 a prime number?
True
Is 16172813 prime?
False
Is 124848091 a composite number?
False
Is 40810205 composite?
True
Is 6799357 a composite number?
True
Is 52274639 composite?
False
Is 31022815 a prime number?
False
Is 10857581 composite?
True
Is 5175637 a composite number?
False
Is 347860699 composite?
False
Is 16520423 a prime number?
False
Is 832370569 a prime number?
True
Is 25991809 prime?
True
Is 1212785749 a prime number?
False
Is 101917 a prime number?
True
Is 165843589 a composite number?
True
Is 22488539 a prime number?
True
Is 2889427 prime?
True
Is 27727519 prime?
True
Is 117959 a composite number?
False
Is 17481911 prime?
False
Is 999841 prime?
False
Is 82482001 prime?
False
Is 31919241 a prime number?
False
Is 4736041 a composite number?
False
Is 8937569 prime?
True
Is 9600937 a composite number?
True
Is 2595139 composite?
False
Is 256237061 composite?
False
Is 6171923 a composite number?
True
Is 14488417 composite?
False
Is 15468677 a prime number?
False
Is 954367 prime?
True
Is 68919857 composite?
False
Is 1020497 a prime number?
False
Is 1166663 composite?
False
Is 2713531 prime?
True
Is 1439978 a prime number?
False
Is 261109 prime?
False
Is 51000239 a composite number?
True
Is 26405777 prime?
False
Is 189240395 a prime number?
False
Is 493997 a prime number?
False
Is 1709443 composite?
False
Is 190063 a composite number?
False
Is 27989539 a composite number?
True
Is 10681747 prime?
True
Is 12809467 composite?
True
Is 322085651 a composite number?
False
Is 6425281 a prime number?
False
Is 125042587 composite?
False
Is 1478047 composite?
False
Is 18658043 a prime number?
True
Is 820735 prime?
False
Is 3361229 a prime number?
True
Is 4678121 a composite number?
True
Is 181688333 composite?
True
Is 49908211 a composite number?
True
Is 1877137 prime?
True
Is 13209145 composite?
True
Is 42811393 composite?
False
Is 19550701 composite?
False
Is 152248307 prime?
True
Is 130571599 composite?
True
Is 7456359 composite?
True
Is 1837363 composite?
True
Is 4868977 a prime number?
True
Is 7305871 a prime number?
True
Is 2370505 prime?
False
Is 1757609 a composite number?
True
Is 6633779 prime?
False
Is 12220301 composite?
False
Is 11461813 composite?
True
Is 38495981 a prime number?
False
Is 3252677 a composite number?
False
Is 2365169 prime?
True
Is 16572463 composite?
True
Is 175732091 a composite number?
False
Is 758166931 composite?
False
Is 1439629 composite?
True
Is 118819 a composite number?
False
Is 30541697 a prime number?
False
Is 3647669 a prime number?
False
Is 41015941 composite?
False
Is 390485521 composite?
True
Is 508867039 a composite number?
False
Is 1790927 a composite number?
True
Is 26865011 composite?
True
Is 21416999 a composite number?
False
Is 7566362 composite?
True
Is 29365747 composite?
True
Is 11620309 prime?
False
Is 93564577 prime?
True
Is 39647269 composite?
Tru